uppose -9*n + 8*n = -376. Suppose 0 = 3*i - 2*f - 0*f + n, 0 = 4*i + f + 494. Let w = -87 - i. What are the prime factors of w?
37
Let h = 5222 + -3398. Suppose -2*y + 30 = 3*y. Suppose h = 6*r + y*r. List the prime factors of r.
2, 19
Let n = 84 - 80. Let s be -2*n/((-40)/85). Suppose f - s = -4*y + 84, -2*f + y = -211. List the prime factors of f.
3, 5, 7
Let r(q) = 4*q**3 - 10*q**2 + q + 5. Let j(s) = s**2 - 1. Let g(k) = 2*j(k) + r(k). Let v be g(3). Let i = -37 + v. List the prime factors of i.
5
Suppose 111*y = 249*y - 1066878. List the prime factors of y.
3, 859
Let a(d) = 3*d + 35. Let z be a(0). Let n = -13 + 89. Let h = n - z. What are the prime factors of h?
41
Let j(p) = -376*p**3 + p**2 - 80*p - 378. What are the prime factors of j(-5)?
7, 11, 13, 47
Let t(b) = -16*b + 8. Let q be t(4). Let u = -19 - q. Suppose -43 - u = -4*h. What are the prime factors of h?
2, 5
Suppose -2 = q + 6. Let r(f) = -3*f**3 + 5*f**2 - 8*f - 6. Let d(v) = -v**3 - v**2. Let i(h) = -4*d(h) + r(h). List the prime factors of i(q).
2, 61
Suppose -64*w - 19 - 45 = 0. Suppose y - 5 = -b - y, -5*b + 2*y + 1 = 0. List the prime factors of -4 + 87/b + w.
2, 41
Let h be 172406/(-78) + 1 + 15/(-9). Let j = -532 - h. List the prime factors of j.
23, 73
Suppose 3*u = 217 - 103. Suppose u*b - 12969 - 1813 = 0. What are the prime factors of b?
389
Suppose 0*l - l - h + 7 = 0, -16 = 2*l - 4*h. Suppose 5*i = -5, 3*f + 4*i = 4*f - l. What are the prime factors of (-142)/(-8) - f*2/16?
2, 3
Suppose 6*b = x + 8*b - 4315, -2*b = -10. What are the prime factors of x?
3, 5, 7, 41
Let b(j) = -j**2 + 10*j - 11. Let n be b(5). Suppose -3*o = -0*g + g - 10, -g = -3*o + n. What are the prime factors of (3 - g)/(2/22)?
5, 11
Suppose -197 = -j + 175. Suppose 3*x + 356 = 5*l, -2*x - x - 3*l = j. Let b = x - -175. List the prime factors of b.
53
Let a be (-3)/9*(0 + 27). What are the prime factors of -3838*(a + (-51)/(-6))?
19, 101
Let a(x) = 2*x - 69. Let d be a(37). Suppose 811 = 2*c + 3*v, -v + 1670 + 351 = d*c. What are the prime factors of c?
2, 101
Suppose 0 = 5*h - 25 + 15. Let z be 1 + (h - 3/1). Suppose z = -4*l + r + 21, 0 = -l - 3*r - 15 + 4. What are the prime factors of l?
2
Let b = -31265 + 68223. What are the prime factors of b?
2, 17, 1087
Suppose 3*i = 2*v - 651, -3*i - 561 = -4*v + 756. Suppose 7*g - 9*g + u + 641 = 0, -3*u - v = -g. List the prime factors of g.
2, 3, 53
What are the prime factors of (-231964)/(-5) + (-39)/(-195)?
17, 2729
Let h be (-130)/(-14) + (-22)/77. Let q(v) = 3*v**3 - 9*v**2 - 6*v - 8. List the prime factors of q(h).
2, 349
Let p(n) = 8*n**2 - n - 2. Let a be p(-1). Suppose 85 + a = -2*v. Let s = v - -64. List the prime factors of s.
2, 3
Let o be (-4)/14 - (-211356)/(-399). Let y = o + 1965. What are the prime factors of y?
5, 7, 41
What are the prime factors of 88123*(-18 + 6)/(-12)?
7, 12589
Suppose -4*k = -c, c - k = -0*k. Suppose 3*n + 12 = c, -3*h - n - 4 = 30. List the prime factors of (208 - 1) + h/(-2).
2, 53
Let m(o) = 11*o**2 + o + 625. What are the prime factors of m(25)?
5, 7, 43
Let w(o) be the second derivative of -1/6*o**3 + 22*o + 1/6*o**4 + 0 - 5*o**2. List the prime factors of w(10).
2, 3, 5
Let i = 1439 - 823. Suppose -4*z + i + 20 = 0. What are the prime factors of z?
3, 53
Let a be 117 - (2/(-4))/((-4)/(-32)). Suppose 108 = -3*k + 4*z, -36 = -0*k + k - 2*z. Let p = k + a. What are the prime factors of p?
5, 17
Suppose -2*n - 510*t + 513*t = -23702, 0 = -4*n + t + 47384. List the prime factors of n.
5, 23, 103
Suppose 0 = -4*b - 36 - 424. Let n = 54 - b. What are the prime factors of n?
13
Suppose v = 5*r - 75069, 15011 = -139*r + 140*r - 3*v. What are the prime factors of r?
2, 7507
Suppose 3*h - 2*h - 27 = 0. Let o = h - 48. What are the prime factors of (-2)/(-7) - (225/o + -2)?
13
Let g(m) = -11*m - 33. Let w be g(-3). Let f(j) = 2*j + 196. List the prime factors of f(w).
2, 7
Let f be ((-35)/(-6))/(-7)*-15*18/45. Let l(y) = -62*y - 28. Let w(t) = 21*t + 9. Let m(j) = 2*l(j) + 7*w(j). List the prime factors of m(f).
2, 61
Let h = 636 + -1180. Let r = 942 + h. What are the prime factors of r?
2, 199
Suppose 0 = -976*m + 988*m - 83184. What are the prime factors of m?
2, 1733
Suppose 8*l - 18 = -l. Suppose 3*a - l = 28. List the prime factors of a/50 + (-649)/(-5) - -3.
7, 19
Let i be -15*(-6 - (-85)/15). Suppose 0 = i*k - 6*k - b + 387, -5*b = 2*k - 789. List the prime factors of k.
2, 191
Let x(o) = o**3 + 7*o**2 - 16*o - 4. Let b be x(-12). Let f = 975 + b. What are the prime factors of f?
443
Let k(u) be the third derivative of 3*u**4 - u**3/2 + 12*u**2. Let t be k(-2). Let x = t - -212. What are the prime factors of x?
5, 13
Let u = -27 + 26. Let g(n) = 2*n**2 - 3*n - 3. Let q be g(u). List the prime factors of ((-344)/(-20))/(q/5).
43
Let i(y) = -151*y - 2472. List the prime factors of i(-70).
2, 4049
Let f(m) = -7*m**2 + 5*m - 25. Let i(r) = -4*r**2 + 2*r - 13. Let t(l) = -3*f(l) + 5*i(l). Let d be (3 - 9)*(-16)/12. What are the prime factors of t(d)?
2, 17
Suppose -c = 4*i - 21158, -i - 119*c + 5297 = -120*c. List the prime factors of i.
11, 13, 37
Let j(a) = 48*a**3 + 13*a**2 + 8*a + 17. List the prime factors of j(6).
11, 991
Let i(v) = 10*v**2 - v + 2. Let q be i(-2). Let f be (-22)/q + 3/(-2). What are the prime factors of (-780)/(-50)*(-15)/f?
3, 13
Let m(k) = k**2 - 4*k + 19. Let q be m(-7). Suppose 0 = z - 4*v - q - 117, 0 = -5*z - 3*v + 950. Suppose -881 + z = -4*g. List the prime factors of g.
2, 43
Let v(m) = 3*m**2 + 2*m + 1. Let i be v(-1). What are the prime factors of (-865)/i*(-32)/40?
2, 173
Suppose 2*s + 12 = 3*g, s + 5 = -2*g + 13. Suppose 12289 = 5*f - 5*v + 3854, f = -g*v + 1672. What are the prime factors of f?
2, 421
Let z = -45384 - -64723. List the prime factors of z.
83, 233
Suppose 209620*a = 209626*a - 344562. What are the prime factors of a?
57427
Suppose 5*i - 106 = -4*u, -2*i - 4 = -4*i. Suppose -q - 3*q + u = 0. List the prime factors of ((-930)/20)/(q/(-8)).
2, 31
Suppose -2*o = -o - 4. Let j(l) = -12*l + 858. Let i be j(61). Suppose o*b = 2*b + i. What are the prime factors of b?
3, 7
List the prime factors of 19/(247/10842) + -2.
2, 13
Suppose -14*x - 8*x + 936808 - 267612 = 0. What are the prime factors of x?
2, 67, 227
Let n = 633 - 21. Let a = 174 + n. What are the prime factors of a?
2, 3, 131
Let u = 448 - 44. Suppose w = 4*r - 2*w - 828, 2*r + w = u. Suppose 0 = -8*k + 732 - r. What are the prime factors of k?
2, 3, 11
Let q(d) = -4*d**3 + 4*d**2 + 10*d + 7. Suppose 10 = -2*f, -2*t + 2*f + 1 = -1. Let y be q(t). Suppose -4*p + y = 3*p. List the prime factors of p.
41
Let z(n) = 119*n - 14. Let u(l) = 594*l - 72. Let a(w) = -2*u(w) + 11*z(w). List the prime factors of a(4).
2, 3, 79
Let m be 294/140 + -2*(-1)/(-20). Suppose a - 1019 = -p + m*a, -3*p + 3057 = -4*a. List the prime factors of p.
1019
Let s(j) = 89*j**2 - 3*j - 16. Let i be s(-3). Suppose y + i = 3*m, -m = 3*m + 5*y - 1084. Suppose -34 = -5*f + m. List the prime factors of f.
2, 3, 5
Let z = -34847 + 54660. List the prime factors of z.
19813
Let c = 2618 + 847. List the prime factors of c.
3, 5, 7, 11
Let a(q) = -194*q - 690. List the prime factors of a(-54).
2, 3, 7, 233
Suppose 0 = 240*q - 236*q - 5*l - 14608, 10983 = 3*q + 3*l. List the prime factors of q.
3, 23, 53
Let n(w) = 13*w - 49. Let o be n(5). Suppose 19*t - 3618 = o*t. List the prime factors of t.
2, 3, 67
Suppose 3*w = 4*u - 1670, -682*w + 683*w = 4*u - 1658. List the prime factors of u.
7, 59
Let l(m) = 3543*m**2 - 304*m - 1248. What are the prime factors of l(-4)?
2, 3541
Let k be 4 - (-4 + (10 - 3)) - -4. Let a be k/40 + (-285)/(-24). Let p = -3 + a. What are the prime factors of p?
3
Let r be (-43464)/(-28) - 6/21. Suppose 4*z - r = 2*m + m, -5*m - 1940 = -5*z. List the prime factors of z.
2, 97
Suppose 3*m - 3*b + 11 = 7*m, m = 5*b + 20. Suppose -3*p - m*p = -32. Suppose -p*n - 195 = -2*s - n, -4*n = -5*s + 505. What are the prime factors of s?
3, 5, 7
Suppose 0 = n + 3*d - 1936, 29*n - 7744 = 25*n + 5*d. What are the prime factors of n?
2, 11
Suppose -919*m + 975*m - 407400 = 0. What are the prime factors of m?
3, 5, 97
Let p(n) = 7*n**2 + 62*n + 141. What are the prime factors of p(52)?
3, 2477
Suppose 9*p + 66829 = 149212 + 112026. Wha